 3136784?
8
What is the tens digit of 1662128?
2
What is the hundreds digit of 6846756?
7
What is the hundreds digit of 690236?
2
What is the ten thousands digit of 620774?
2
What is the tens digit of 886144?
4
What is the hundreds digit of 378123?
1
What is the tens digit of 22990407?
0
What is the ten thousands digit of 1351268?
5
What is the hundreds digit of 10535921?
9
What is the tens digit of 339778?
7
What is the ten thousands digit of 30343?
3
What is the hundreds digit of 688603?
6
What is the hundreds digit of 127355?
3
What is the units digit of 13975828?
8
What is the tens digit of 5345622?
2
What is the ten thousands digit of 578456?
7
What is the hundreds digit of 626965?
9
What is the units digit of 21570325?
5
What is the thousands digit of 221038?
1
What is the hundreds digit of 6028954?
9
What is the ten thousands digit of 852003?
5
What is the tens digit of 16906010?
1
What is the hundreds digit of 291083?
0
What is the ten thousands digit of 280382?
8
What is the hundreds digit of 826363?
3
What is the units digit of 14306041?
1
What is the hundred thousands digit of 12251452?
2
What is the units digit of 628373?
3
What is the millions digit of 10907881?
0
What is the hundreds digit of 60461?
4
What is the hundred thousands digit of 1838888?
8
What is the ten thousands digit of 11052560?
5
What is the ten thousands digit of 109627?
0
What is the ten thousands digit of 3049157?
4
What is the units digit of 784757?
7
What is the tens digit of 830144?
4
What is the hundreds digit of 1481249?
2
What is the ten thousands digit of 2724376?
2
What is the units digit of 2126119?
9
What is the tens digit of 797721?
2
What is the ten thousands digit of 210245?
1
What is the millions digit of 4316754?
4
What is the ten thousands digit of 99876?
9
What is the hundred thousands digit of 1593892?
5
What is the millions digit of 1913589?
1
What is the hundreds digit of 6467160?
1
What is the hundreds digit of 9413882?
8
What is the ten thousands digit of 63506?
6
What is the tens digit of 363812?
1
What is the tens digit of 4661823?
2
What is the tens digit of 2501141?
4
What is the ten thousands digit of 3720933?
2
What is the hundred thousands digit of 3045915?
0
What is the thousands digit of 9950417?
0
What is the millions digit of 5093372?
5
What is the tens digit of 1245349?
4
What is the hundred thousands digit of 168622?
1
What is the tens digit of 41877?
7
What is the units digit of 1113569?
9
What is the tens digit of 4397115?
1
What is the hundreds digit of 12011740?
7
What is the ten thousands digit of 2498403?
9
What is the hundreds digit of 472907?
9
What is the units digit of 86507?
7
What is the millions digit of 5130722?
5
What is the tens digit of 986535?
3
What is the hundreds digit of 8728378?
3
What is the units digit of 12475145?
5
What is the hundred thousands digit of 171875?
1
What is the hundred thousands digit of 1380611?
3
What is the millions digit of 30492879?
0
What is the millions digit of 3368057?
3
What is the hundred thousands digit of 6008318?
0
What is the hundred thousands digit of 231362?
2
What is the hundred thousands digit of 1671158?
6
What is the hundred thousands digit of 151411?
1
What is the thousands digit of 3057901?
7
What is the units digit of 612363?
3
What is the millions digit of 3208839?
3
What is the ten thousands digit of 2597631?
9
What is the hundreds digit of 455090?
0
What is the units digit of 19699?
9
What is the units digit of 19263788?
8
What is the ten thousands digit of 3942999?
4
What is the thousands digit of 6094169?
4
What is the hundreds digit of 23896055?
0
What is the millions digit of 8581173?
8
What is the hundred thousands digit of 165951?
1
What is the thousands digit of 16809514?
9
What is the units digit of 1371?
1
What is the thousands digit of 2230933?
0
What is the hundreds digit of 864481?
4
What is the units digit of 1869573?
3
What is the ten thousands digit of 24940500?
4
What is the hundred thousands digit of 2811213?
8
What is the tens digit of 5610405?
0
What is the hundreds digit of 110864?
8
What is the millions digit of 1431148?
1
What is the tens digit of 952665?
6
What is the tens digit of 992503?
0
What is the hundreds digit of 346931?
9
What is the tens digit of 806540?
4
What is the units digit of 467120?
0
What is the units digit of 821888?
8
What is the thousands digit of 98352?
8
What is the ten thousands digit of 3871581?
7
What is the hundreds digit of 858939?
9
What is the hundreds digit of 256051?
0
What is the hundred thousands digit of 129709?
1
What is the ten thousands digit of 245722?
4
What is the hundreds digit of 607508?
5
What is the hundreds digit of 13186381?
3
What is the units digit of 14872275?
5
What is the ten millions digit of 10867232?
1
What is the millions digit of 8015864?
8
What is the ten millions digit of 28266138?
2
What is the hundred thousands digit of 542465?
5
What is the units digit of 12768860?
0
What is the hundreds digit of 99875?
8
What is the hundreds digit of 11571122?
1
What is the tens digit of 1672518?
1
What is the hundreds digit of 2215255?
2
What is the hundred thousands digit of 17180991?
1
What is the ten thousands digit of 100460?
0
What is the units digit of 607732?
2
What is the hundred thousands digit of 5781550?
7
What is the units digit of 49035?
5
What is the millions digit of 1037696?
1
What is the ten thousands digit of 766802?
6
What is the thousands digit of 3111563?
1
What is the hundreds digit of 1037974?
9
What is the tens digit of 75928?
2
What is the units digit of 216441?
1
What is the units digit of 3932558?
8
What is the ten thousands digit of 737112?
3
What is the units digit of 1546401?
1
What is the units digit of 99567?
7
What is the ten thousands digit of 15809902?
0
What is the ten thousands digit of 2400788?
0
What is the units digit of 11126?
6
What is the tens digit of 11308120?
2
What is the hundreds digit of 22257?
2
What is the ten thousands digit of 1112064?
1
What is the hundreds digit of 123867?
8
What is the thousands digit of 1545646?
5
What is the thousands digit of 315301?
5
What is the tens digit of 6935039?
3
What is the thousands digit of 3755323?
5
What is the millions digit of 5082227?
5
What is the units digit of 424195?
5
What is the hundreds digit of 1086416?
4
What is the units digit of 525025?
5
What is the ten thousands digit of 115450?
1
What is the thousands digit of 563866?
3
What is the hundred thousands digit of 2195966?
1
What is the ten thousands digit of 16444954?
4
What is the hundred thousands digit of 595026?
5
What is the tens digit of 168622?
2
What is the tens digit of 1099388?
8
What is the thousands digit of 231890?
1
What is the hundred thousands digit of 4760901?
7
What is the ten thousands digit of 21821476?
2
What is the units digit of 200559?
9
What is the tens digit of 13150957?
5
What is the hundred thousands digit of 592054?
5
What is the hundred thousands digit of 933411?
9
What is the thousands digit of 1086725?
6
What is the tens digit of 1096525?
2
What is the hundreds digit of 2063605?
6
What is the tens digit of 8143983?
8
What is the hundreds digit of 9939208?
2
What is the hundred thousands digit of 5412006?
4
What is the tens digit of 1325153?
5
What is the thousands digit of 332361?
2
What is the ten thousands digit of 4405693?
0
What is the ten thousands digit of 960519?
6
What is the ten thousands digit of 190760?
9
What is the thousands digit of 1159476?
9
What is the hundreds digit of 197509?
5
What is the thousands digit of 4905948?
5
What is the units digit of 1500874?
4
What is the tens digit of 9680843?
4
What is the thousands digit of 198686?
8
What is the thousands digit of 147376?
7
What is the ten millions digit of 20039911?
2
What is the ten millions digit of 31095648?
3
What is the units digit of 2305525?
5
What is the ten thousands digit of 1815392?
1
What is the units digit of 240553?
3
What is the tens digit of 1648210?
1
What is the thousands digit of 203785?
3
What is the hundred thousands digit of 12212497?
2
What is the tens digit of 30656293?
9
What is the hundred thousands digit of 6412077?
4
What is the ten thousands digit of 1393174?
9
What is the thousands digit of 5838352?
8
Wha